h, 3*v + k*h - 12 = r. What is m(v)?
-7
Let c be (-22)/(-44)*10/((-1)/(-1)). Let h be (c - (-84)/(-16)) + 62/(-8). Let p(g) = 4 + 2*g + 8 + 0. Determine p(h).
-4
Let w be -7 - (-261)/(783/27). Suppose 3*v = 2*v + 3. Let f(d) = -2*d**v - 3*d**3 - 2*d + 3*d**2 + 3 + 2*d**3. Give f(w).
-13
Suppose 5*w = -w + 36. Let m(s) = -9*s**2 + 8*s**2 - 2*s + 1 + 11*s**2 + w*s**2. Determine m(1).
15
Let h be 4/(-10) + 102/30. Let w(m) be the first derivative of m**5/24 - m**4/6 + 29*m**3/3 + 27. Let d(b) be the third derivative of w(b). What is d(h)?
11
Suppose 2*z + 58 = -4*m, -89*z + 87*z + 14 = 0. Let l(q) = q**2 + 12*q - 114. Calculate l(m).
-6
Let c(r) be the first derivative of -22 - 2*r - 3/2*r**2. Give c(5).
-17
Let l(q) be the third derivative of q**4/12 + 15*q**2. Let b be (-2)/7 + 0 + 432/(-56). Let c(s) = -s**2 - 11*s - 19. Let i be c(b). Calculate l(i).
10
Let d(a) = -3*a**3 + 21*a**2 + 3*a. Let k(l) = -l**3 + 8*l**2 + l - 1. Let f(o) = 2*d(o) - 5*k(o). What is f(3)?
-1
Let m(k) = 2*k. Let n(z) = -7*z + 6. Suppose 5*f + 4*r = -4 - 11, f + 4*r + 3 = 0. Let o(h) = f*m(h) - n(h). Give o(10).
4
Let r = 216 + -214. Let j(o) = 0*o**2 + 3*o**3 + 2*o**2 - o - o**r + 0*o**2 + 2. What is j(-2)?
-16
Let o be (2/6)/(7/42)*(-120)/(-16). Let b(d) = -4*d + 23. Give b(o).
-37
Let n(k) = -k**2 + 91*k - 1. Let a(r) = 3*r**2 - 362*r + 2. Let z(i) = a(i) + 4*n(i). What is z(-3)?
-17
Let j = -42 + 114. Suppose 26 = c - q, 3*c + 3*q - j = 4*q. Suppose 5 = 18*w - c*w. Let f(d) = 4*d**3 - d**2 - 2*d - 1. Give f(w).
-4
Let u(j) = -9*j**3 - 58*j**2 + j - 2. Let c(l) = -16*l**3 - 103*l**2 + 3*l - 3. Let z(s) = 5*c(s) - 9*u(s). Determine z(-5).
23
Let f(z) = -22*z + 65*z - 25*z + 7 - 21*z + 4. Let y(a) = a**2 + a + 4. Let j be y(-2). Determine f(j).
-7
Let j(k) = k. Let v(n) = n**2 + 8*n + 4. Let i(l) = -6*j(l) + v(l). Give i(-7).
39
Let j(w) = -w**2 + 9*w - 19. Let q(n) = n**3 - 22*n**2 + 102*n + 143. Let s be q(14). Calculate j(s).
-1
Let b be (-236)/(-16) - (-45)/36. Let j(y) = -y**2 + 17*y - 25. Determine j(b).
-9
Let k(a) = 3 + a**3 - 21663*a**2 - 2*a**3 + 21655*a**2 - 10*a. Calculate k(-6).
-9
Suppose 3*z + 2420 = 23*z. Let a(h) = -58*h - 50*h + z*h. Calculate a(1).
13
Let r = -3 - -3. Let a = -68 - -66. Let j(h) = -12*h - 1. Let g(z) = 5*z. Let n(o) = a*j(o) - 5*g(o). Calculate n(r).
2
Suppose 3*b + 4*b = 98. Let g(v) = -v**2 + 12*v + 33. Let w be g(b). Let i be (2/4)/(w/10) - 2. Let a(o) = -7*o**3 + 2*o**2 + o. Determine a(i).
8
Let i(t) be the first derivative of 0*t - 1/2*t**2 + 21. Let u = 7 + -12. What is i(u)?
5
Let f(z) = -z**3 + 3*z**2 + 6*z - 3. Let m be f(4). Suppose 8*t = m*t + 45. Let x(s) = 5 - 2 - t + 5 - 2*s. Give x(-6).
5
Let t(b) = -206*b + 827. Let h be t(4). Let c(n) = 5*n**3 - 2*n**2 + 5*n + 5. Determine c(h).
137
Let j(b) = -17*b + 272. Let q be j(16). Suppose -24*p + 128 - 104 = q. Let a(g) = -6*g**3 + 1. What is a(p)?
-5
Let d = 59 + -57. Let x be (1 + d + -4)/(-6 + 7). Let r(i) = 21*i**2 + 1. Determine r(x).
22
Let p(w) = -6*w**2 + 6*w - 6. Let f(n) = n**2 - n + 1. Let b(d) = -5*f(d) - p(d). Let y be ((-1)/(-4))/(2/16). Suppose y*h - 13*h = -44. Give b(h).
13
Let p(v) be the third derivative of -v**6/120 - v**4/24 + 13*v**3/6 + 3*v**2. Let k = -512 - -512. Determine p(k).
13
Let n be (-12*4/(-864))/((-60)/(-9)). Let x(m) be the third derivative of 0 + n*m**6 + 1/20*m**5 + 1/24*m**4 + 0*m**3 + 0*m + 2*m**2. Determine x(-2).
2
Let j = -14629 + 14633. Let h(d) be the first derivative of -d**4/4 + 2*d**3 - 5*d**2 + 9*d + 1. Determine h(j).
1
Suppose -h = -4*h + 5*c + 31, -h + 3*c + 17 = 0. Suppose 10 - h = o. Let m(f) = -f**3 + 8*f**2 + f - 9. Determine m(o).
-1
Let r(l) be the third derivative of l**5/120 - l**4/4 + 21*l**3/2 + 6*l**2 - 12*l. Let a(b) be the first derivative of r(b). Give a(-7).
-13
Let u(x) = x - 21. Let q be (-112)/24*3*-1. Calculate u(q).
-7
Let s(n) = n**3 - 5*n**2 - 4. Let f(k) = k**2 + 12*k + 18. Suppose -5*i + 16 = 76. Let y be f(i). Let p be 4/y + (-43)/(-9). Give s(p).
-4
Suppose 17*q + 51 = -1360. Let y = q + 73. Let h(l) be the second derivative of -l**3/6 - 3*l**2/2 + 2*l. What is h(y)?
7
Let m(d) = -229 + d + d + 113 + 94. Let f be (-14)/3*(1 + -4). Let g be m(f). Let j(y) = y**3 - 5*y**2 - 7*y - 1. Determine j(g).
-7
Let y be (53 - 53)/((3 + -2)*3). Let x(i) = 5*i**3 - 9*i**2 - 7*i + 7. Let c(b) = 2*b**3 - 4*b**2 - 3*b + 3. Let d(f) = 7*c(f) - 3*x(f). What is d(y)?
0
Let g(n) = -4*n + 1. Suppose d + 5 = -2*z + 17, -2*d = 0. Suppose -11*x = -z*x - 20. Determine g(x).
-15
Suppose -60 = 292*w - 3874 - 2610. Let f(d) be the third derivative of 1/2*d**3 + 0*d + 0 + w*d**2 - 1/8*d**4 + 1/30*d**5 + 1/120*d**6. Give f(2).
13
Let y(r) be the third derivative of 0 + 1/120*r**6 - 1/10*r**5 + 17*r**2 + 0*r - 1/2*r**3 + 1/8*r**4. Give y(5).
-13
Let m(r) = r**2 - 5*r + 3. Let j = 32 - 52. Let n be 370/50 - (32/j - -2). Calculate m(n).
17
Let a(u) = 12*u - 4 + 3 - 17*u. Suppose -6*z + 30 = -0*z. Suppose 0 = z*h + 6*h + 11. Calculate a(h).
4
Let a(l) = -8*l + 0*l + 3*l**2 - 9 - 5*l**2 - l. Let c be a(-5). Let y = c - -12. Let u(z) = -6*z - 3. Determine u(y).
9
Suppose -4095 = -387*d + 72*d. Let s(t) = -13*t + 154. Calculate s(d).
-15
Let s(g) = 63*g**2 - 7*g + 19. Let o(r) = -88*r**2 + 10*r - 28. Let m(w) = -5*o(w) - 7*s(w). Determine m(8).
-65
Let d = -177/146 + 125/73. Let b(p) be the second derivative of d*p**2 - 6 - 2*p + 1/6*p**4 - p**3. What is b(4)?
9
Let d(g) = 5*g**2 - 24*g + 42. Let k(i) = -9*i**2 + 50*i - 81. Let y(p) = -5*d(p) - 3*k(p). Give y(14).
5
Let n = -213 + 227. Suppose 9*j - 16*j + n = 0. Let f(z) be the second derivative of z**4/12 - z**3/3 + z**2/2 + z. Determine f(j).
1
Let w = 56 + -58. Let p be w/24*-106 + 1/6. Suppose 0 = -3*x + p - 0. Let t(h) = -h**2 - h. Determine t(x).
-12
Let x be ((-5)/(-1))/(-5) + 4. Let t(f) = 0*f**2 - 2*f + 0*f + 0*f + 6*f**2 + 2 - 4*f**2. What is t(x)?
14
Let q(d) = -45*d - 2. Let y(g) be the first derivative of -11*g**2 - g + 119. Let x(k) = -3*q(k) + 7*y(k). Give x(-1).
18
Let q(u) = u**3 + 3*u. Let a be 4/8*(-210)/35. Give q(a).
-36
Let t(c) = -3*c**3 + 3*c**2 - 2*c + 2. Suppose 5*z - 2*k - 25 = 168, -4*k + 169 = 5*z. Let o = z + -43. Let i be o/(-14) + (-33)/(-21). Determine t(i).
-14
Let g(v) be the first derivative of 1/24*v**4 + 4*v**2 + 0*v + 1/3*v**3 - 12. Let r(s) be the second derivative of g(s). Give r(-4).
-2
Suppose -w - 3*g = 2*w + 120, 5*w = 5*g - 160. Let x = 40 + w. Let k(q) = -2*q**2 + 2*q**2 + 4*q + 2 + 2*q**2 - 3*q**2. What is k(x)?
2
Let j(m) be the second derivative of 13*m**3/6 - 100*m**2 - 57*m. Let y be j(15). Let i(w) = -w**2 - 2*w + 9. Calculate i(y).
-6
Let o(t) = t**3 - 5*t**2 + 8*t - 2. Let c be 0 + 184/72 + (-4)/(-9). Give o(c).
4
Suppose 5*y - 40 = x, 5*y = 2*x + 26 + 9. Suppose 15 = 4*i - y. Let f(z) = 50*z - 44 + 40*z - 130*z + 42 + 39*z. Calculate f(i).
-8
Let x be (-4672)/8 + -8 + 3. Let y = -585 - x. Let h(v) = 2*v**3 - 5*v**2 - 4*v + 5. What is h(y)?
37
Let d = 652 + -655. Let i be (-2)/(-15)*d + (-504)/40. Let g(n) = n**2 + 12*n - 13. Determine g(i).
0
Suppose -4*f + 0 + 8 = 0. Let l(r) be the first derivative of -5/2*r**2 + 3*r + 33. Determine l(f).
-7
Let f(t) = -9*t**2 - t. Let m(j) = 58 + 3*j - 75 + j**2 + j. Let h be m(3). Suppose -3*d = -2*w + 3, 5*w = 5*d + h*w - 2. What is f(d)?
-10
Let z(f) = f**2 + 8*f + 3. Let c be (169/6)/(-13)*-138. Suppose 296 = j + c. Determine z(j).
-12
Let x(u) be the third derivative of -u**6/120 - 3*u**5/20 - 3*u**4/8 + u**3/3 - 2*u**2. Let c be 267/6 + 1/2. Let i = -53 + c. Give x(i).
10
Let z(u) = u**3 + u**2 - u + 8. Suppose -5*s - 56 = -0*s - 2*q, 5*q - 35 = 2*s. Let m be s - -6 - (-4 + 0). Give z(m).
8
Let s(o) = 2 - 607*o - 31*o**3 + 2 + 1238*o - 633*o - 3*o**2. Calculate s(1).
-32
Let u(a) be the first derivative of 8*a**3/3 + 5*a**2 + 9*a + 147. Calculate u(-1).
7
Let m(s) = s**3 + 32*s**2 + 29*s - 58. Let i be m(-31). Let z(d) be the second derivative of 7*d**3/6 - d**2/2 + 40*d. What is z(i)?
27
Suppose 9*k - 2 = 8*k. Let s(r) = r - 3*r**3 + 5*r**k - 3*r**2 + r**3 + 4*r**3. Let u be -1 + 3/(-6)*0. What is s(u)?
-1
Let l(h) = -h**3 + h**2 + 2*h + 2. Suppose 7 = -3*z - 5*i - 12, -3*z = -i - 11. Let s be 1 + z + 3 - 3. Determine l(s).
-10
Let p(i) = 2*i**3 - 39*i**2 - 4*i - 156. Let c(f) = -